s of 16207?
19, 853
What are the prime factors of 20102?
2, 19, 23
What are the prime factors of 3087?
3, 7
What are the prime factors of 34274?
2, 17137
List the prime factors of 24387.
3, 11, 739
What are the prime factors of 934?
2, 467
What are the prime factors of 76?
2, 19
List the prime factors of 25.
5
What are the prime factors of 14653?
14653
List the prime factors of 1083.
3, 19
List the prime factors of 3486.
2, 3, 7, 83
List the prime factors of 568.
2, 71
What are the prime factors of 6528?
2, 3, 17
List the prime factors of 1340.
2, 5, 67
What are the prime factors of 408?
2, 3, 17
What are the prime factors of 13453?
11, 1223
What are the prime factors of 11726?
2, 11, 13, 41
What are the prime factors of 13511?
59, 229
What are the prime factors of 657?
3, 73
What are the prime factors of 12214?
2, 31, 197
List the prime factors of 31155.
3, 5, 31, 67
What are the prime factors of 2675?
5, 107
What are the prime factors of 13826?
2, 31, 223
What are the prime factors of 144423?
3, 1783
What are the prime factors of 867?
3, 17
List the prime factors of 1248.
2, 3, 13
List the prime factors of 1159.
19, 61
List the prime factors of 2886.
2, 3, 13, 37
What are the prime factors of 574?
2, 7, 41
What are the prime factors of 1109?
1109
What are the prime factors of 3833?
3833
List the prime factors of 1398.
2, 3, 233
What are the prime factors of 103?
103
What are the prime factors of 5082?
2, 3, 7, 11
List the prime factors of 140885.
5, 19, 1483
List the prime factors of 133057.
19, 47, 149
List the prime factors of 1315.
5, 263
List the prime factors of 2645.
5, 23
What are the prime factors of 172885?
5, 71, 487
What are the prime factors of 316?
2, 79
List the prime factors of 485.
5, 97
List the prime factors of 871.
13, 67
What are the prime factors of 40707?
3, 4523
List the prime factors of 2417.
2417
What are the prime factors of 3802?
2, 1901
List the prime factors of 1051.
1051
List the prime factors of 2459.
2459
List the prime factors of 719.
719
List the prime factors of 4308.
2, 3, 359
List the prime factors of 5097.
3, 1699
What are the prime factors of 24546?
2, 3, 4091
List the prime factors of 1332.
2, 3, 37
List the prime factors of 10225.
5, 409
What are the prime factors of 5058?
2, 3, 281
List the prime factors of 370.
2, 5, 37
List the prime factors of 1387.
19, 73
What are the prime factors of 98000?
2, 5, 7
What are the prime factors of 265?
5, 53
What are the prime factors of 8430?
2, 3, 5, 281
List the prime factors of 794.
2, 397
List the prime factors of 140484.
2, 3, 23, 509
List the prime factors of 1007.
19, 53
What are the prime factors of 14418?
2, 3, 89
What are the prime factors of 787?
787
List the prime factors of 4195.
5, 839
List the prime factors of 20601.
3, 7, 109
List the prime factors of 1019.
1019
What are the prime factors of 15655?
5, 31, 101
List the prime factors of 735.
3, 5, 7
List the prime factors of 812.
2, 7, 29
List the prime factors of 8373.
3, 2791
List the prime factors of 10277.
43, 239
What are the prime factors of 41305?
5, 11, 751
List the prime factors of 1203.
3, 401
List the prime factors of 119951.
13, 9227
What are the prime factors of 2615?
5, 523
What are the prime factors of 18251?
18251
List the prime factors of 7958.
2, 23, 173
What are the prime factors of 18611?
37, 503
What are the prime factors of 10211?
10211
List the prime factors of 67900.
2, 5, 7, 97
List the prime factors of 1000.
2, 5
List the prime factors of 3209.
3209
What are the prime factors of 79806?
2, 3, 47, 283
What are the prime factors of 291?
3, 97
What are the prime factors of 950?
2, 5, 19
What are the prime factors of 69204?
2, 3, 73, 79
What are the prime factors of 1516?
2, 379
What are the prime factors of 3372?
2, 3, 281
What are the prime factors of 4173?
3, 13, 107
List the prime factors of 949.
13, 73
List the prime factors of 58174.
2, 17, 29, 59
What are the prime factors of 782?
2, 17, 23
What are the prime factors of 15131?
15131
List the prime factors of 1865.
5, 373
What are the prime factors of 27578?
2, 13789
What are the prime factors of 2056?
2, 257
What are the prime factors of 1831?
1831
List the prime factors of 865.
5, 173
What are the prime factors of 3269?
7, 467
List the prime factors of 24655.
5, 4931
What are the prime factors of 156493?
156493
What are the prime factors of 870?
2, 3, 5, 29
List the prime factors of 172764.
2, 3, 4799
What are the prime factors of 38160?
2, 3, 5, 53
What are the prime factors of 240?
2, 3, 5
List the prime factors of 1778.
2, 7, 127
List the prime factors of 20099.
101, 199
List the prime factors of 1523.
1523
List the prime factors of 293.
293
What are the prime factors of 622?
2, 311
List the prime factors of 365.
5, 73
What are the prime factors of 1265?
5, 11, 23
List the prime factors of 5259.
3, 1753
What are the prime factors of 147?
3, 7
What are the prime factors of 117895?
5, 17, 19, 73
List the prime factors of 1085.
5, 7, 31
What are the prime factors of 2694?
2, 3, 449
What are the prime factors of 68756?
2, 17189
What are the prime factors of 11238?
2, 3, 1873
What are the prime factors of 47362?
2, 7, 17, 199
List the prime factors of 277.
277
List the prime factors of 25544.
2, 31, 103
What are the prime factors of 291?
3, 97
List the prime factors of 1039.
1039
List the prime factors of 206.
2, 103
What are the prime factors of 140935?
5, 71, 397
What are the prime factors of 6805?
5, 1361
What are the prime factors of 796?
2, 199
What are the prime factors of 6770?
2, 5, 677
List the prime factors of 14752.
2, 461
What are the prime factors of 1470?
2, 3, 5, 7
What are the prime factors of 12748?
2, 3187
List the prime factors of 43015.
5, 7, 1229
List the prime factors of 22080.
2, 3, 5, 23
What are the prime factors of 71502?
2, 3, 17, 701
What are the prime factors of 23417?
23417
What are the prime factors of 34361?
34361
List the prime factors of 10158.
2, 3, 1693
List the prime factors of 1931.
1931
List the prime factors of 2273.
2273
What are the prime factors of 3107?
13, 239
List the prime factors of 23481.
3, 2609
What are the prime factors of 55489?
7, 7927
What are the prime factors of 194?
2, 97
List the prime factors of 505.
5, 101
List the prime factors of 11732.
2, 7, 419
List the prime factors of 3347.
3347
List the prime factors of 28705.
5, 5741
List the prime factors of 21221.
21221
List the prime factors of 2250.
2, 3, 5
List the prime factors of 60197.
17, 3541
What are the prime factors of 60754?
2, 37, 821
List the prime factors of 89978.
2, 7, 6427
What are the prime factors of 14237?
23, 619
What are the prime factors of 12993?
3, 61, 71
What are the prime factors of 24587?
23, 1069
List the prime factors of 66831.
3, 22277
List the prime factors of 30959.
83, 373
List the prime factors of 808.
2, 101
List the prime factors of 144186.
2, 3, 7, 3433
List the prime factors of 2403.
3, 89
What are the prime factors of 2015?
5, 13, 31
List the prime factors of 2416.
2, 151
What are the prime factors of 1664?
2, 13
List the prime factors of 900.
2, 3, 5
List the prime factors of 17343.
3, 41, 47
What are the prime factors of 16?
2
What are the prime factors of 12737?
47, 271
What are the prime factors of 11836?
2, 11, 269
What are the prime factors of 1743?
3, 7, 83
List the prime factors of 1893.
3, 631
List the prime factors of 13582.
2, 6791
List the prime factors of 101643.
3, 17, 1993
What are the prime factors of 13370?
2, 5, 7, 191
List the prime factors of 884.
2, 13, 17
What are the prime factors of 1881?
3, 11, 19
List the prime factors of 3566.
2, 1783
List the prime factors of 1418.
2, 709
List the prime factors of 5546.
2, 47, 59
List the prime factors of 4386.
2, 3, 17, 43
What are the prime factors of 2520?
2, 3, 5, 7
What are the prime factors of 7213?
7213
List the prime factors of 3903.
3, 1301
What are the prime factors of 2745?
3, 5, 61
What are the prime factors of 725?
5, 29
What are the prime factors of 19617?
3, 13, 503
List the prime factors of 8278.
2, 4139
List the prime factors of 61593.
3, 7, 419
What are the prime factors of 8917?
37, 241
What are the prime factors of 97076?
2, 7, 3467
What are the prime factors of 67963?
7, 19, 73
List the prime f